valuate 2 - (0 + -2 + -8).
12
Calculate (-107 - -122) + -3 + -1.
11
-15 + (-12 - -2 - -8)
-17
Evaluate (-1 - -5) + (-2 - -9) + -10.
1
What is (-9 - -1 - (-61 - -62)) + 2 + 11?
4
What is (-28 - (-31 + 25)) + 5 + -3 + 1?
-19
Evaluate 2 - -14 - 1 - 6.
9
What is 5 + (-20 - 4 - -2)?
-17
What is the value of -21 + 3 - ((2 - 0) + 0 + 3)?
-23
Calculate 3 + 1 + -21 + (-6 - (-13 - -2)).
-12
Evaluate -5 - -1 - (-26 + 2 - -16).
4
Evaluate (-111 - -121) + (2 - 0).
12
What is 1 + 3 + -3 + 7 + -8?
0
1 + 28 - (-546 - -563)
12
3 + -12 + 1 + -4 + (283 - 286)
-15
What is the value of -6 - (-5 + -8) - 3?
4
Calculate -11 + 4 - -17 - 11.
-1
-2 - (12 - 23) - 19
-10
What is 2 + (1 - 0) + 16 + (-34 - -27)?
12
What is 1 + (-44 - -16) - -16?
-11
Evaluate -9 + (-6 - 1) + (11 + 1 - 11).
-15
What is the value of 1 + 3 - (72 - 61)?
-7
Calculate -8 + -1 - (4 - 7) - -10.
4
What is the value of 2 + 4 + -17 + (15 - 10)?
-6
What is the value of (71 - 65) + (-8 - 0)?
-2
-9 - (-2 - (-36 + 42 + -15 + -2))
-18
What is the value of (-19 - -16) + 12 + 6?
15
What is the value of 18 + (1 + -1 - (34 - 13 - 15))?
12
What is the value of -7 + (0 - -5) + -5 - (3 - 17)?
7
Evaluate 42 + -18 + -3 + -13 + 7.
15
What is 12 + (8 + -4 - (28 - 40))?
28
What is the value of -4 - -21 - (38 + -23)?
2
Calculate 22 + -8 + (-3 - 11).
0
Calculate -25 + (15 - 15) + 16.
-9
Evaluate -4 - (-7 + (-15 - -24)).
-6
What is the value of -2 - (-35 + (18 - (17 - 17)))?
15
What is -8 + -2 + 2 + 10 + 7?
9
What is the value of -126 - -116 - (0 - 22) - (-1 + -2)?
15
Evaluate -12 - -2 - (-26 + -30 - (-3 + -14)).
29
What is (-10 - -3) + 11 + 20 + -10?
14
(0 - -13) + (6 + 106 - 100)
25
Evaluate (-2 - 39) + 105 + -103 - -15.
-24
-18 + -2 + 22 + -6
-4
-5 - (18 - 12 - (-8 - (-5 - -3)))
-17
Calculate -1 + -4 + 2 + -19 + 36.
14
What is -75 + 67 - (-3 + 1) - (1 - 5)?
-2
Calculate (20 - 4) + 74 + -118.
-28
Calculate (4 - -15) + (-43 - -24).
0
-2 - (17 - 3 - (4 - -17))
5
Calculate 1 - (8 - (-13 - -26) - 6).
12
-33 + (-13 - -23 - 12)
-35
-24 + 36 + (-6 - 6)
0
Calculate (3 - (3 - 0) - (2 + -6)) + 6.
10
1 + 1 + (-1 - -5) + (-15 - -3)
-6
What is the value of 16 + (-15 + 33 - 26) - (1 + 8)?
-1
What is the value of 14 - (16 + (21 - 5))?
-18
Evaluate 10 + -14 + (-11 - -17).
2
What is the value of -7 + 34 + -33 - (12 - 1)?
-17
What is the value of 17 + (-17 + -4 + 17 - 15)?
-2
Evaluate -1 - 3 - -11 - (5 + 8).
-6
What is 6 - (-4 - -5) - -9?
14
What is 12 + -3 + (15 + -12 - -10)?
22
(-44 - -35 - (-12 + 1)) + -14
-12
Calculate (-10 + 19 - 11) + (0 - 3) + 28.
23
What is (-1 - -9) + (7 - -41) + -75?
-19
What is -25 + 10 + -42 + 11 - (3 + -14)?
-35
-4 - -7 - 5 - -16
14
What is the value of 4 - ((0 - (-5 + 1)) + (40 - 41))?
1
What is -9 + 1 - (-184 + 172)?
4
What is -1 + -25 - (-9 + -5)?
-12
What is the value of (-13 + 10 + 11 - 19) + 8 - -4?
1
Calculate -17 + 26 + -1 + -20 + (-5 - 1).
-18
Calculate (6 - (6 + -10 + 9)) + 5.
6
What is -132 + 110 - (-3 - 6)?
-13
What is -19 + 3 + (2 - -10) + -6?
-10
Evaluate 9 + 4 + -10 + 2 + -4.
1
What is (-2 - -9) + -10 + 18 + -8 + -6?
1
Calculate 16 + -20 - (1 + 12 - 1).
-16
0 + -1 + 9 - (24 - (4 + 2))
-10
Calculate -22 - (-3 - (-11 + 6) - (8 - 4)).
-20
What is 3 - (19 - (9 - -9)) - 13?
-11
Calculate 26 - ((0 - -16) + -15).
25
Evaluate (-39 - -42) + -1 + -3.
-1
What is the value of -3 + 0 + (-18 - -27) - (143 - 98)?
-39
What is the value of -4 - 2 - (-134 + 129)?
-1
Calculate -25 - (11 - (20 + 21)).
5
Calculate (215 - 204) + (-3 - -1).
9
Evaluate -3 + -1 + -3 + 3 + -4 + 3.
-5
What is 6 + (-6 - 1) + -32 + 27?
-6
What is -8 - (18 - (15 + 1 - (-15 + 22)))?
-17
(1 + 11 - -3 - 11) + -2
2
What is the value of 27 + -4 + -45 + 0?
-22
What is the value of 20 - (-7 + (-4 - (-5 - 1)))?
25
Calculate -26 + (2 + -4 - (10 + -22)).
-16
Calculate 2 - -8 - (-11 - (11 + -9 - 6)).
17
Calculate -19 + (2 - (-4 + 10)) + 13.
-10
1 + 5 + ((-2 - -8) + 3 - 5)
10
Calculate (0 + 25 - 10) + (4 - 0).
19
Evaluate 0 + -1 - (6 + (5 - 16)).
4
Evaluate -25 + (-14 - (-4 + -21)).
-14
(-1 - -1) + (9 - (29 - 42))
22
(-7 - (16 - (-11 - -23))) + (2 - 1)
-10
What is 17 + -2 + -8 + -65 + 67 + -8?
1
What is 0 - 16 - (-11 - 0 - (248 - 251))?
-8
What is 27 - (-1 + 14 - -9)?
5
-8 + 16 + -11 + 3 + -11 + -5
-16
Evaluate 25 - (33 - (6 + 14)).
12
Calculate 1 - (1 + (0 + 10 - 3)).
-7
What is 2 - (5 + -1 + (65 - 67))?
0
Calculate 1 + -4 + 291 + -286.
2
What is (-13 - (-17 + -12)) + -22?
-6
What is the value of -1 + 24 + 260 + -294?
-11
What is 0 + -2 + -10 - ((1 - 2) + -2)?
-9
Evaluate (1 - 8) + 8 - 0.
1
Calculate -30 + -22 + 3 - -25.
-24
Evaluate 36 + -28 + 14 - (-2 + 2 + 7).
15
Evaluate (-38 - -41) + (-25 - (-9 - -7)).
-20
What is the value of (-2 - 11) + (-100 - -124)?
11
Calculate 20 + 0 - (17 - 25 - -39).
-11
Calculate (-14 - -30 - 33) + 0 + 33.
16
What is -51 + 29 - 6 - (0 - (2 + 4))?
-22
Calculate (47 - 35 - -18) + -63.
-33
Evaluate (1 + 8 - (20 + (-26 - -10))) + -26.
-21
Calculate 5 - (2 + (-11 - -8) + 12).
-6
Evaluate -44 + 0 + 7 + 20 + -15.
-32
Evaluate (4 - -3 - 1) + (-69 - -69).
6
Calculate (0 - -1) + 7 + -45 + 66 + -17.
12
What is the value of 7 + 0 + (4 - (-23 - -31))?
3
Evaluate 32 - 7 - (-2 + -1) - (0 - -4).
24
What is (-3 - -10) + -28 + 19?
-2
(-3 - 5) + -1 + -5 + 0
-14
Evaluate 25 + -9 + 0 + 10 + -8 + 8.
26
Calculate -33 + 15 + -5 - -7.
-16
Calculate -18 - -7 - 13 - -17.
-7
What is the value of 1 + (5 - -8) - 8?
6
Calculate 2 + 5 + (-10 - -10) - (9 + -2).
0
Evaluate -50 + (58 - 14 - 17).
-23
Evaluate -4 + (7 + 16 - -5) + 17 + -18.
23
What is the value of 31 + (4 - (-31 - -58))?
8
1 - 17 - (33 + -33)
-16
Calculate -1 + 11 + -5 - (-4 - -4).
5
What is 6 + 12 - (-1 + 4 - -1 - 4)?
18
Calculate -10 - (21 - 8 - 29).
6
Evaluate 2 + -6 + -1 + 15.
10
10 - (-13 - (-12 - 21))
-10
What is -29 - (6 + 21) - -33?
-23
What is the value of 3 + 7 - (29 + (-20 + -10 - -15))?
-4
What is the value of -17 - (-1 - -2 - 8 - (101 + -101))?
-10
Evaluate 2 + 25 + -30 - (-6 - -1) - 25.
-23
(7 - -2) + -1 - (-303 + 298)
13
What is the value of (-16 + 22 - (1 + -4)) + -1 - 5?
3
Evaluate 5 - 13 - -9 - 2.
-1
Evaluate 0 - -5 - (4 - ((23 - 19) + 8)).
13
-5 + -2 + 5 + (-1 + 11 - 5)
3
24 - 39 - (-2 + -1 + (-3 - -2))
-11
Evaluate (-52 - 30) + 31 - -26.
-25
What is -7 + (13 + -9 - (2 - 3) - -16)?
14
8 + (18 + -29 - 10)
-13
What is -18 + 1 - (-10 - 4 - (-89 + 75))?
-17
Evaluate 9 + 0 - (-3 + (-6 - -7)).
11
What is -24 - ((1 - (0 + 2)) + (-20 - -16))?
-19
Calculate (-11 - (8 + -10)) + (3 - (5 - 2)).
-9
32 - 1 - (-2069 + 2073)
27
Evaluate -4 + (-8 - (11 - 24)) + 9.
10
Calculate 13 - (15 + (1 - 19)).
16
Calculate -24 + (-2 - (-19 - 22)).
15
-66 - (-53 + -6 + 19)
-26
What is -32 - (-20 - (36 - 17))?
7
5 - (4 - -6 - 10)
5
(5 - 10 - 6) + 6 + -2 + -1
-8
What is (124 + -116 - (1 - -14)) + 0?
-7
-8 - (5 + (-6 - -3) + -6) - -15
11
0 - -1 - (-37 + 30) - 0
8
Calculate 3 - ((1 - -1) + (-6 - 4) + 4).
7
What is the value of 5 + 4 + -12 + -2?
-5
Calculate -8 + -1 + (-85 - -71).
-23
-6 - (2 - (19 - 0))
11
What is the value of -14 - (-7 + -14 + 6)?
1
0 + -4 + 9 - (-17 - -8)
14
Evaluate 24 + -18 + -2 + 1 - -9.
14
What is the value of -4 + 12 + 9 + -13?
4
What is the value of (1 - 2 - 11 - (108 + -112)) + 4?
-4
What is 26 - 20 - (0 + 3 - 1)?
4
What is -8 + (0 - (5 - -4 - 18)) + -12?
-11
Calculate -3 + 1 - ((12 - -3) + -7).
-10
Evaluate (-5 + 25 - (93 + -85)) + (1 - 0).
13
Evaluate 15 + -20 - (-24 + 31).
-12
Calculate (-43 - 15) + 26 + 2.
-30
Calculate -13 - (-17 - (-12 - -13)).
5
What is 22 - 14 - -10 - 38?
-20
What is the value of (-1 - 12) + (20 - -5 - 25)?
-13
What is 4 + -16 + (-3 - (-7 + -20))?
12
Calculate (-13 - 2 - 24) + 21.
-18
Calculate 152 + -159 - (0 - -14).
-21
What is 31 + 5 + 10 + -46?
0
What is the value of 5 + -6 + (5 - -1 - (63 + -56))?
-2
Evaluate -4 - (-10 + 18 + 7 + -18) - 25.
-26
What is -13 + (-5 - (-3 + -7 + 1))?
-9
Evaluate 0 + -1 + 4 - ((12 - 3) + -10).
4
(-91 + 105 - ((3 - 2) + 7)) + -20
-14
Calculate (2 - 21) + (-13 - -15 - -7) - 21.
-31
37 + (-17 - -3) + -16
7
-17 + 17 + 3 + -24
-21
-3 - -18 - (-40 + 22 + 0)
33
Evaluate -6 - (17 + (4 - -5) + -12).
-20
What is the value of (5 - (0 + -5 - -28)) + 9 + -2?
-11
Evaluate (4 + -6 - 37) + 25.
-14
Calculate 3 - (-1 + 1 + -36 + 27 - -12).
0
What is the value of -9 + 3 + -2 + (279 - 267) + -5?
-1
Evaluate (-21 - 0) + (13 - (-21 - -35